7
Let t(z) be the third derivative of -z**4/12 + 6*z**3 - z**2. Let a be t(16). Suppose -2*y + 4 = -3*y, 4*v - a*y - 276 = 0. List the prime factors of v.
5, 13
Let y be -8 + (-8)/8 - -11. Suppose y*o - 1020 = 4*h, 3*o - 1538 = -5*h + 3*h. List the prime factors of o.
2
Suppose -17*t + 10*t + 115428 = -t. What are the prime factors of t?
2, 9619
Let m(f) = -3*f**3 + 4*f**2 + 3*f. Let u be m(-3). Suppose -j + u + 694 = 0. List the prime factors of j.
2, 401
Suppose -9*d + 23*d = -7602. Let i = -493 - d. What are the prime factors of i?
2, 5
Suppose 3*m - 4*f = -0*m + 149, -39 = -m - 4*f. Let b = m + -96. Let s = b + 132. What are the prime factors of s?
83
Suppose -4 = -h, -5*f + 3875 + 3495 = 5*h. Let w = -50 + 55. Suppose -f = -11*k + w*k. List the prime factors of k.
5, 7
Suppose -21 = -2*w - 17. Suppose -2*y - p = 5, -3*y - w*y - 15 = 3*p. Suppose y = 5*r - 112 - 278. What are the prime factors of r?
2, 3, 13
Let m(l) = l**3 - 7*l**2 + 4*l - 1. Let t be m(6). Let v(o) = -o**3 - 14*o**2 - 20*o + 56. What are the prime factors of v(t)?
3, 7
List the prime factors of (-477)/(-318) + (-55703)/(-2).
7, 23, 173
Suppose -4*m + 124 = -2*m. Suppose -4*f - y - 108 = 0, -11*f = -12*f + 10*y - 68. Let q = m + f. What are the prime factors of q?
2, 17
Let d(i) = -18*i - 9. Let p(b) = b. Let f(o) = -d(o) - 15*p(o). Let h be f(15). What are the prime factors of 62/3*h/12?
3, 31
Suppose 111*u - 114*u = 3*z - 74322, -2*z = -3*u - 49543. List the prime factors of z.
7, 3539
Let f = -16557 + 41476. What are the prime factors of f?
24919
Suppose 6*g + 1 = 37. Suppose c = -2*c + g, 822 = 3*l + 3*c. What are the prime factors of l?
2, 17
Let z(h) = -h**3 + 10*h**2 - 16*h + 2. Let t be z(8). Let m be (4 - 3)*(42 + t). Suppose -4*j + m + 100 = 0. List the prime factors of j.
2, 3
Suppose -2543995 = -136*n - 1147673 + 2493822. List the prime factors of n.
2, 7151
Let l(g) = -g**2 - g + 6. Let m be l(2). Suppose -6*p = -12 - m. Suppose -p*b + 4 + 576 = -5*d, 3*b - 853 = -d. What are the prime factors of b?
3, 5, 19
Suppose -5*f = -g - 132, -2*g - 3*g + 42 = f. List the prime factors of 6/f + 24190/90.
269
Let c(s) = 322 - 25*s - 47*s + 67*s. What are the prime factors of c(0)?
2, 7, 23
List the prime factors of (46 - (-15 + 60))*(49194 - 0).
2, 3, 911
Suppose 100*f - 131*f + 1953 = 0. Suppose -2166 = -f*w + 44*w. What are the prime factors of w?
2, 3, 19
Let t = 851 - 842. Let a be (-352)/6 - 4/(-6). Let r = t - a. List the prime factors of r.
67
Let v be 2/30*5*192. Let y = v - 64. Suppose -2*o - 2*c + 92 = y, -5*o + 44 = -2*c - 179. What are the prime factors of o?
3, 5
Let d = -43645 - -74864. What are the prime factors of d?
31219
Let c(j) = 27 - 11*j + 7*j + 3*j. Let t be c(18). Let k = -6 + t. List the prime factors of k.
3
Suppose 2*f + 5 = -3*m, 2*f + 3 = -m + 8. Suppose -j - 4*z - 168 = -f*j, 0 = 3*j - 4*z - 131. Suppose 47 = 4*q - j. What are the prime factors of q?
3, 7
Let g(a) = -a**3 + 4*a**2 + 6*a - 2. Let o be g(5). Suppose -o*d = -1 - 35. Suppose d*s - 11*s = 54. List the prime factors of s.
2, 3
Suppose -22*v = -11*v - 110*v + 763290. What are the prime factors of v?
2, 3, 5, 257
Let k be (6/(-16))/((-1)/(-252))*44. What are the prime factors of k/(-8) + 5*8/160?
2, 5, 13
Let c(f) = -76*f + 619. List the prime factors of c(-42).
37, 103
Suppose 2*a + 3*a = 37407 + 1203. What are the prime factors of a?
2, 3, 11, 13
Suppose 33*k - 210667 + 21527 = -65*k. List the prime factors of k.
2, 5, 193
Suppose -72*g = -81*g + 63360. What are the prime factors of g?
2, 5, 11
Suppose 2351 = -15*s - 964. Let u be (3/6)/(2/(-4)). What are the prime factors of u/4 - (-3)/(-12)*s?
5, 11
Let t(i) = 797*i - 1687. What are the prime factors of t(15)?
2, 17, 151
Suppose -12276 = -2*f + b, 1558*f + b - 24540 = 1554*f. List the prime factors of f.
2, 13, 59
Suppose -3*h - 954 = -5*x, -18*h - 570 = -3*x - 17*h. Let z = 227 - x. What are the prime factors of z?
2, 19
Let v = -156 - -70. Let l = 81 + v. What are the prime factors of 4*l/(-20) + 63?
2
Let k(p) = 54*p**3 - 3. Let m(y) = 53*y**3 - 4. Suppose -r = -a, -r - 4*a = -a + 12. Let i(n) = r*m(n) + 4*k(n). List the prime factors of i(1).
3, 19
Let n be (6/(-48)*410)/(4/(-80)). Let r = n - -575. List the prime factors of r.
2, 5
Suppose -5964 = -6*a - 1980. Let n be a/48 + (-1)/(-6). Suppose -11*s = -n*s + 405. List the prime factors of s.
3, 5
Let s be 4*4/16*21. Let a be (476 - 404)*2/(6/5). Let y = s + a. What are the prime factors of y?
3, 47
Let m be -15*(0 - (4 - 3)). Let t(y) = y**2 - 10*y + 41. Let w be t(m). Suppose -18*i + 14*i = -w. List the prime factors of i.
29
Let f(h) = 2*h + 13. Let o be f(-3). Suppose -j - 2*b + 7 = 0, -2*j = -o*j - b + 26. Suppose -v + j = -6. What are the prime factors of v?
11
Let o(z) = -1445*z - 1304. What are the prime factors of o(-13)?
3, 5827
Suppose 125*b = 128*b + 12. List the prime factors of 14020/(-32)*b - (-2)/(-4).
2, 3, 73
Let a = 11733 - 2496. List the prime factors of a.
3, 3079
Suppose 8*t - 172 = -620. Let a = -232 - t. Let g = -57 - a. List the prime factors of g.
7, 17
Suppose 0 = 2*c + 3*c + 460. Let z be c/16 - (-3)/(-12). List the prime factors of 53 + -1 - (4 + z).
2, 3
Suppose 6*x - 2*x + 4*u - 92 = 0, 42 = 2*x + u. Suppose 21*r = x*r + 30. Let s = 52 - r. List the prime factors of s.
37
Suppose -12*v = -13*v - 5*y + 13, -5*v = -3*y - 65. Let p(u) = 54*u - 18. What are the prime factors of p(v)?
2, 3, 19
Let i be 6/(-3)*34 - -2. Suppose -4*b + 2 = -6*b. List the prime factors of 2 + 1/(b/i).
2, 17
Let p(m) = 1044*m + 572. List the prime factors of p(7).
2, 5, 197
Let c(t) = 232*t - 10. Let s be c(22). Suppose 0*m + s = 18*m. List the prime factors of m.
283
What are the prime factors of 2 - ((1 - 0) + -3)/(4/19640)?
2, 3, 1637
Let v be (-63)/36 - -2 - (-10654)/8. Suppose -9*j = -180 - v. What are the prime factors of j?
2, 3, 7
Suppose -12000057 - 16204743 = -312*n. List the prime factors of n.
2, 5, 113
Let t be (-64)/60*3*10. Let i be (3/12)/((-4)/t). Suppose n = -4*m + 82 + 17, i*m = 3*n - 325. What are the prime factors of n?
107
Suppose 2636806 = 172*t + 327596 - 330474. List the prime factors of t.
103, 149
Let k(t) = -29*t + 953. Let j be k(0). Suppose 4*u = -113 + j. What are the prime factors of u?
2, 3, 5, 7
Suppose -t + 13 = 3*g + 4, 2*g - t - 6 = 0. Suppose -3*k + 0*s + 2*s = -174, -4*k + 232 = g*s. List the prime factors of k.
2, 29
Let s(c) = 140*c - 170. What are the prime factors of s(31)?
2, 3, 5, 139
Let u(i) = 2*i + 49. Let k(j) = j**3 - 2*j**2 - 23*j - 3. Let l be k(6). Suppose -4*a + 13 = -l*a - g, 0 = -a - 5*g - 17. What are the prime factors of u(a)?
5, 13
Let w = -146 + 362. Suppose -2*c - w = -o, -5*o - c = -o - 864. Suppose -l + v + o = 29, 4*l + 4*v - 748 = 0. What are the prime factors of l?
11, 17
Suppose 0 = 3*l + 2*s - 113, 6*l - 2*l - 5*s = 189. Suppose -l*z + 22680 = -z. List the prime factors of z.
3, 7
Let q(w) = 30*w**2 + w - 1. Let r be q(1). Let a = 33 - r. Suppose -l - 82 = -f + a*l, -l + 1 = 0. List the prime factors of f.
2, 43
Let c(x) = x + 2. Let v be c(1). Suppose -v*m + 4*p - 536 = -6*m, -3*p = -m + 170. What are the prime factors of m?
2, 11
Let c(d) = 64117*d**2 + 813*d + 812. What are the prime factors of c(-1)?
2, 3, 13, 137
Let t = -147 - -619. Let d = t + -256. What are the prime factors of d?
2, 3
Suppose 36 = 48*k - 52*k. Let p(w) = -w**2 - 11*w - 35. Let v be p(k). Let n = 92 + v. List the prime factors of n.
3, 5
Let s be (1 - (-2)/(-4))*0. Suppose 5*l - 279 = u, 4*l + 2*u - 6 - 220 = s. Suppose -f = 3*w - 0*f - 142, 4*f = w - l. List the prime factors of w.
2, 3
Let m = 397 - 403. List the prime factors of (m/(-18))/(2/1284).
2, 107
Suppose 0*c - 16*c = 13*c - 33901. List the prime factors of c.
7, 167
Let b = -295 + 314. Suppose 0 = -31*c + b*c + 6576. What are the prime factors of c?
2, 137
Let t = -71 + 74. Let q(g) = -3*g**t + 129*g + 10*g**2 + 4*g**3 - 122*g - 19. List the prime factors of q(-8).
53
Suppose -937*i + 971*i - 262854 = 0. List the prime factors of i.
3, 859
Let r = 104491 + -54008. List the prime factors of r.
19, 2657
Let b = -11266 + 17776. List the prime factors of b.
2, 3, 5, 7, 31
Suppose 11*v = 7*v + 92. Suppose -v*z + 18*z = 0. Suppose z*i + 4*i - 208 = 0. List the prime 